{"id":9,"date":"2017-12-07T19:02:28","date_gmt":"2017-12-07T18:02:28","guid":{"rendered":"http:\/\/wwwu.aau.at\/bemeixne\/zumsee\/?page_id=9"},"modified":"2018-02-20T17:24:17","modified_gmt":"2018-02-20T16:24:17","slug":"der-ruhepol","status":"publish","type":"page","link":"https:\/\/me.aau.at\/~bemeixne\/zumsee\/der-ruhepol\/","title":{"rendered":"die Oase"},"content":{"rendered":"<p><img loading=\"lazy\" decoding=\"async\" class=\"size-medium wp-image-87 alignright\" src=\"http:\/\/wwwu.aau.at\/bemeixne\/zumsee\/wp-content\/uploads\/uberblick-luft-300x225.jpg\" alt=\"\" width=\"300\" height=\"225\" srcset=\"https:\/\/me.aau.at\/~bemeixne\/zumsee\/wp-content\/uploads\/uberblick-luft-300x225.jpg 300w, https:\/\/me.aau.at\/~bemeixne\/zumsee\/wp-content\/uploads\/uberblick-luft.jpg 320w\" sizes=\"auto, (max-width: 300px) 100vw, 300px\" \/>In vielen Liedern besungen wird die\u00a0Sch\u00f6nheit des romantischen\u00a0W\u00f6rthersees, umgeben von wanderbaren W\u00e4ldern. Besonders idyllisch ist das S\u00fcdufer, abseits der gro\u00dfen Verkehrsstr\u00f6me ein Kleinod der Besinnlichkeit und Ruhe.<\/p>\n<blockquote><p>Wohl den <b>sch\u00f6nsten und markantesten Blick,\u00a0<\/b><\/p><\/blockquote>\n<p>den der W\u00f6rthersee bieten kann, n\u00e4mlich den \u00fcber die Ostbucht zur Halbinsel Maria W\u00f6rth mit der bekannten <b>gotischen Wallfahrtskirche<\/b>, k\u00f6nnen Sie direkt von Ihrer Ferienwohnung aus genie\u00dfen!<\/p>\n<p><img loading=\"lazy\" decoding=\"async\" class=\"size-medium wp-image-96 alignright\" src=\"http:\/\/wwwu.aau.at\/bemeixne\/zumsee\/wp-content\/uploads\/spiegelung-300x225.jpg\" alt=\"\" width=\"300\" height=\"225\" srcset=\"https:\/\/me.aau.at\/~bemeixne\/zumsee\/wp-content\/uploads\/spiegelung-300x225.jpg 300w, https:\/\/me.aau.at\/~bemeixne\/zumsee\/wp-content\/uploads\/spiegelung.jpg 320w\" sizes=\"auto, (max-width: 300px) 100vw, 300px\" \/>Wir bieten unseren G\u00e4sten ger\u00e4umige, komfortable und gem\u00fctlich ausgestattete\u00a0Ferienwohnungen in ruhiger\u00a0<b>Traumlage<\/b> mit romantischem Ausblick zur Halbinsel Maria W\u00f6rth und \u00fcber den See. Unseren G\u00e4sten stehen 4 Ferienwohnungen f\u00fcr je 2 &#8211; 4 Personen zur Verf\u00fcgung,<\/p>\n<blockquote><p>alle mit <b>Balkon zum See<\/b>.<\/p><\/blockquote>\n<p><img loading=\"lazy\" decoding=\"async\" class=\"size-medium wp-image-93 alignright\" src=\"http:\/\/wwwu.aau.at\/bemeixne\/zumsee\/wp-content\/uploads\/p1020489v-300x225.jpg\" alt=\"\" width=\"300\" height=\"225\" srcset=\"https:\/\/me.aau.at\/~bemeixne\/zumsee\/wp-content\/uploads\/p1020489v-300x225.jpg 300w, https:\/\/me.aau.at\/~bemeixne\/zumsee\/wp-content\/uploads\/p1020489v.jpg 320w\" sizes=\"auto, (max-width: 300px) 100vw, 300px\" \/>Direkt am Ufer gelegen, mit Badebr\u00fccke und Liegewiese, bietet sich ein Paradies f\u00fcr Wassersportler, Badenixen und Sonnenanbeter. Hier kann man noch unseren Natursee mit der intakten Tierwelt (Enten, Fische, V\u00f6gel) beobachten. Sie finden Blumen, Sonne, Schatten, herrliche Wald-Seeluft und<\/p>\n<blockquote><p>sauberes W\u00f6rtherseewasser in <b>Trinkwasserqualit\u00e4t<\/b>.<\/p><\/blockquote>\n<p><img loading=\"lazy\" decoding=\"async\" class=\"size-medium wp-image-97 alignright\" src=\"http:\/\/wwwu.aau.at\/bemeixne\/zumsee\/wp-content\/uploads\/weg-300x225.jpg\" alt=\"\" width=\"300\" height=\"225\" srcset=\"https:\/\/me.aau.at\/~bemeixne\/zumsee\/wp-content\/uploads\/weg-300x225.jpg 300w, https:\/\/me.aau.at\/~bemeixne\/zumsee\/wp-content\/uploads\/weg.jpg 320w\" sizes=\"auto, (max-width: 300px) 100vw, 300px\" \/>Sie bewegen sich von unserem Parkplatz bis zum Strand nur auf hauseigenem Grund!\u00a0Unsere wundersch\u00f6nen, farbenpr\u00e4chtigen <b>Hortensienbl\u00fcten begleiten Sie <\/b>auf Schritt und Tritt!<\/p>\n<blockquote><p><b>Keine Stra\u00dfe zwischen Seeufer und Haus!<\/b><\/p><\/blockquote>\n<p><img loading=\"lazy\" decoding=\"async\" class=\"size-medium wp-image-98 alignright\" src=\"http:\/\/wwwu.aau.at\/bemeixne\/zumsee\/wp-content\/uploads\/strand-300x225.jpg\" alt=\"\" width=\"300\" height=\"225\" srcset=\"https:\/\/me.aau.at\/~bemeixne\/zumsee\/wp-content\/uploads\/strand-300x225.jpg 300w, https:\/\/me.aau.at\/~bemeixne\/zumsee\/wp-content\/uploads\/strand.jpg 320w\" sizes=\"auto, (max-width: 300px) 100vw, 300px\" \/>Genie\u00dfen Sie die Sonne auf dem weitl\u00e4ufigen Badesteg oder suchen Sie den Schatten unter einem Sonnenschirm auf der ruhigen Liegewiese &#8211; bei uns findet jeder Ruhe und Erholung!\u00a0Am Strand finden Sie bequeme Gesundheitsliegen, Sonnenschirme und eine Umkleidekabine.<\/p>\n","protected":false},"excerpt":{"rendered":"<p>In vielen Liedern besungen wird die\u00a0Sch\u00f6nheit des romantischen\u00a0W\u00f6rthersees, umgeben von wanderbaren W\u00e4ldern. Besonders idyllisch ist das S\u00fcdufer, abseits der gro\u00dfen Verkehrsstr\u00f6me ein Kleinod der Besinnlichkeit und Ruhe. Wohl den sch\u00f6nsten und markantesten Blick,\u00a0 den der W\u00f6rthersee bieten kann, n\u00e4mlich den \u00fcber die Ostbucht zur Halbinsel Maria W\u00f6rth mit der bekannten gotischen Wallfahrtskirche, k\u00f6nnen Sie direkt &hellip; <a href=\"https:\/\/me.aau.at\/~bemeixne\/zumsee\/der-ruhepol\/\" class=\"more-link\"><span class=\"screen-reader-text\">die Oase<\/span> weiterlesen<\/a><\/p>\n","protected":false},"author":1,"featured_media":0,"parent":0,"menu_order":0,"comment_status":"closed","ping_status":"closed","template":"","meta":{"footnotes":""},"class_list":["post-9","page","type-page","status-publish","hentry"],"_links":{"self":[{"href":"https:\/\/me.aau.at\/~bemeixne\/zumsee\/wp-json\/wp\/v2\/pages\/9","targetHints":{"allow":["GET"]}}],"collection":[{"href":"https:\/\/me.aau.at\/~bemeixne\/zumsee\/wp-json\/wp\/v2\/pages"}],"about":[{"href":"https:\/\/me.aau.at\/~bemeixne\/zumsee\/wp-json\/wp\/v2\/types\/page"}],"author":[{"embeddable":true,"href":"https:\/\/me.aau.at\/~bemeixne\/zumsee\/wp-json\/wp\/v2\/users\/1"}],"replies":[{"embeddable":true,"href":"https:\/\/me.aau.at\/~bemeixne\/zumsee\/wp-json\/wp\/v2\/comments?post=9"}],"version-history":[{"count":16,"href":"https:\/\/me.aau.at\/~bemeixne\/zumsee\/wp-json\/wp\/v2\/pages\/9\/revisions"}],"predecessor-version":[{"id":168,"href":"https:\/\/me.aau.at\/~bemeixne\/zumsee\/wp-json\/wp\/v2\/pages\/9\/revisions\/168"}],"wp:attachment":[{"href":"https:\/\/me.aau.at\/~bemeixne\/zumsee\/wp-json\/wp\/v2\/media?parent=9"}],"curies":[{"name":"wp","href":"https:\/\/api.w.org\/{rel}","templated":true}]}}